reds digit of 206419477?
4
What is the millions digit of 662922778?
2
What is the units digit of 3313053422?
2
What is the units digit of 310219239?
9
What is the tens digit of 81175911?
1
What is the thousands digit of 2991102091?
2
What is the thousands digit of 38172252?
2
What is the hundred thousands digit of 63313242?
3
What is the units digit of 250205382?
2
What is the hundreds digit of 65851?
8
What is the millions digit of 204186968?
4
What is the ten millions digit of 179495275?
7
What is the tens digit of 218290266?
6
What is the hundred thousands digit of 105983238?
9
What is the ten thousands digit of 476329122?
2
What is the hundreds digit of 28596084?
0
What is the hundred millions digit of 173311520?
1
What is the hundred thousands digit of 749644975?
6
What is the ten millions digit of 623325677?
2
What is the ten thousands digit of 3599947?
9
What is the ten thousands digit of 5491090094?
9
What is the ten millions digit of 1768224590?
6
What is the units digit of 2465280049?
9
What is the ten thousands digit of 690678947?
7
What is the hundred millions digit of 296955011?
2
What is the units digit of 79263780?
0
What is the tens digit of 332326564?
6
What is the units digit of 760081138?
8
What is the thousands digit of 185012216?
2
What is the tens digit of 482720816?
1
What is the thousands digit of 1263016270?
6
What is the ten millions digit of 291322954?
9
What is the ten thousands digit of 1216200976?
0
What is the ten millions digit of 27763250?
2
What is the units digit of 362101705?
5
What is the units digit of 32145030?
0
What is the ten millions digit of 90545522?
9
What is the ten millions digit of 31183852?
3
What is the units digit of 4149511703?
3
What is the millions digit of 594339774?
4
What is the hundred thousands digit of 640383285?
3
What is the hundreds digit of 28700871?
8
What is the hundred millions digit of 4326910485?
3
What is the hundred thousands digit of 5816310305?
3
What is the thousands digit of 432996315?
6
What is the thousands digit of 35393698?
3
What is the ten thousands digit of 322627870?
2
What is the hundred thousands digit of 1386164889?
1
What is the units digit of 75365915?
5
What is the thousands digit of 2801151694?
1
What is the millions digit of 90221087?
0
What is the millions digit of 3675176935?
5
What is the hundreds digit of 307489633?
6
What is the ten millions digit of 278245691?
7
What is the ten thousands digit of 1531368644?
6
What is the hundred thousands digit of 303396216?
3
What is the units digit of 5203361?
1
What is the millions digit of 58360568?
8
What is the thousands digit of 102142055?
2
What is the units digit of 1462819609?
9
What is the tens digit of 460278295?
9
What is the millions digit of 792575417?
2
What is the hundreds digit of 297179620?
6
What is the tens digit of 201924060?
6
What is the billions digit of 1447450815?
1
What is the units digit of 35620805?
5
What is the hundred thousands digit of 77718872?
7
What is the hundred thousands digit of 139132104?
1
What is the millions digit of 1818436970?
8
What is the units digit of 64644273?
3
What is the units digit of 120900013?
3
What is the ten millions digit of 5489273079?
8
What is the tens digit of 1303834806?
0
What is the ten thousands digit of 446722?
4
What is the tens digit of 14094797?
9
What is the ten millions digit of 972481806?
7
What is the tens digit of 855231826?
2
What is the thousands digit of 51747153?
7
What is the ten millions digit of 657784809?
5
What is the ten millions digit of 480027453?
8
What is the ten thousands digit of 97158812?
5
What is the billions digit of 3368111152?
3
What is the tens digit of 34958872?
7
What is the ten thousands digit of 1944542914?
4
What is the tens digit of 101561686?
8
What is the hundred thousands digit of 78732901?
7
What is the hundred thousands digit of 66828181?
8
What is the ten millions digit of 57882586?
5
What is the thousands digit of 73478209?
8
What is the millions digit of 3704181098?
4
What is the units digit of 20711456?
6
What is the ten millions digit of 71568021?
7
What is the tens digit of 1180868033?
3
What is the hundred millions digit of 141591882?
1
What is the ten millions digit of 349720030?
4
What is the hundred millions digit of 925975411?
9
What is the hundred millions digit of 219329486?
2
What is the hundred millions digit of 215530620?
2
What is the tens digit of 51011322?
2
What is the ten millions digit of 355650859?
5
What is the ten millions digit of 526997385?
2
What is the ten thousands digit of 31318934?
1
What is the thousands digit of 62444430?
4
What is the tens digit of 1104584131?
3
What is the ten thousands digit of 94063151?
6
What is the ten thousands digit of 41284225?
8
What is the hundreds digit of 3781747710?
7
What is the millions digit of 265801597?
5
What is the hundred thousands digit of 89708095?
7
What is the millions digit of 277483140?
7
What is the ten millions digit of 47455063?
4
What is the ten millions digit of 616736596?
1
What is the ten millions digit of 7011046702?
1
What is the millions digit of 136796757?
6
What is the hundreds digit of 141613783?
7
What is the hundreds digit of 587121443?
4
What is the hundreds digit of 47845090?
0
What is the tens digit of 53001993?
9
What is the ten thousands digit of 208134964?
3
What is the tens digit of 462668726?
2
What is the units digit of 430267257?
7
What is the millions digit of 60093572?
0
What is the units digit of 15536041?
1
What is the millions digit of 18436375?
8
What is the hundreds digit of 473471908?
9
What is the thousands digit of 27012205?
2
What is the tens digit of 543258340?
4
What is the units digit of 74742203?
3
What is the units digit of 80073154?
4
What is the units digit of 616872409?
9
What is the units digit of 4968565670?
0
What is the hundred thousands digit of 332903957?
9
What is the ten thousands digit of 97108290?
0
What is the ten thousands digit of 69508910?
0
What is the units digit of 104260376?
6
What is the thousands digit of 35074093?
4
What is the ten millions digit of 163399480?
6
What is the ten thousands digit of 394790738?
9
What is the millions digit of 957621958?
7
What is the thousands digit of 182244500?
4
What is the millions digit of 101896238?
1
What is the hundreds digit of 780467135?
1
What is the tens digit of 411326072?
7
What is the ten thousands digit of 3296320?
9
What is the ten millions digit of 684361224?
8
What is the millions digit of 77527520?
7
What is the hundreds digit of 6673420?
4
What is the tens digit of 1859873228?
2
What is the billions digit of 2873251562?
2
What is the thousands digit of 101668188?
8
What is the ten millions digit of 71717539?
7
What is the ten millions digit of 33933617?
3
What is the hundreds digit of 180901321?
3
What is the hundreds digit of 7358602?
6
What is the ten thousands digit of 1109219218?
1
What is the units digit of 1069602548?
8
What is the hundreds digit of 262828462?
4
What is the ten thousands digit of 33841030?
4
What is the hundreds digit of 3208429137?
1
What is the hundreds digit of 14965282?
2
What is the hundred thousands digit of 313206818?
2
What is the hundred thousands digit of 6317712805?
7
What is the ten thousands digit of 2873244979?
4
What is the tens digit of 20207277?
7
What is the hundred thousands digit of 372850537?
8
What is the hundreds digit of 119162935?
9
What is the millions digit of 16826097?
6
What is the ten thousands digit of 485716516?
1
What is the thousands digit of 473015961?
5
What is the hundred thousands digit of 105944382?
9
What is the hundreds digit of 49440442?
4
What is the millions digit of 1327537256?
7
What is the thousands digit of 64762787?
2
What is the ten thousands digit of 1427200637?
0
What is the ten millions digit of 87349985?
8
What is the hundreds digit of 17393661?
6
What is the tens digit of 1343372087?
8
What is the units digit of 18290081?
1
What is the ten thousands digit of 11007282?
0
What is the hundred thousands digit of 87226824?
2
What is the hundred millions digit of 1605849672?
6
What is the hundred thousands digit of 517281306?
2
What is the hundred thousands digit of 42836524?
8
What is the tens digit of 1395830681?
8
What is the thousa